uate 1 + 0 + -1 + -1.
-1
Evaluate (2 - 1) + 0 - (48 - 54).
7
Calculate 8 - (3 - 3) - 5.
3
Evaluate 2 - -6 - (12 + -3).
-1
-12 + 6 - (1 - (7 - 3))
-3
What is the value of -1 - (-2 + -3 + 9)?
-5
What is -14 - -14 - (1 - -3)?
-4
What is -1 + 3 + -1 + -3 + 0?
-2
Calculate (-10 + 1 - -19) + -18.
-8
3 - ((-3 - -1) + 4)
1
-3 + 13 + -18 + 12
4
What is 4 + (3 - 10) + 3?
0
What is the value of -1 + 6 + (4 - 4) + -3?
2
Calculate (2 - (15 + -7)) + 3 + 4.
1
Evaluate 2 + 4 + -3 - (4 + 0).
-1
What is the value of (-3 + 4 - -6) + -3 + -2?
2
Evaluate (-3 - -3) + -4 - -4 - -4.
4
Calculate 1 + 0 + 0 + 8 + -9.
0
What is the value of 11 + -21 + 3 + 2?
-5
Evaluate -6 + (0 - 4 - (-10 - -6)).
-6
Calculate -1 + -1 + (-25 + 34 - 6).
1
Evaluate (15 - 5) + 4 + (-1 - 8).
5
What is the value of -4 - ((-4 - -4) + 1) - -3?
-2
(-5 - (0 - 1)) + 0 + 0
-4
-3 + (7 - 0) + 7 + -8
3
What is the value of -1 - -5 - (1 + 23 + -18)?
-2
What is the value of -3 + 2 + 0 + 4?
3
Calculate -5 - 1 - 1 - (35 - 38).
-4
What is the value of -4 - (-9 + 10 + -12)?
7
What is the value of (3 - -2) + -9 + (4 - 3)?
-3
Evaluate (-4 - -1) + 21 + -15.
3
Evaluate -3 + 3 - (-1 - (0 - -1)).
2
-1 + 1 - (-22 + 18)
4
What is the value of -6 + 1 + (-6 + 11 - 1)?
-1
Evaluate -3 + 5 + 2 + -3.
1
What is -3 + 0 + 5 - -1?
3
What is (-1 - 0) + (14 - 13) - 5?
-5
Calculate (11 - 17 - (-5 + 2)) + 6.
3
-4 + (23 - 3 - 4) - 5
7
Evaluate -8 - (6 + (-8 - (-3 + 1))).
-8
Calculate (9 + 2 - 16) + -3.
-8
Calculate -3 - -4 - (0 + 0 - 0).
1
Calculate 5 + 6 + -3 + -4 + -1.
3
What is the value of 1 - ((17 - 12) + -1 + -2)?
-1
Evaluate 9 - 8 - -3 - (2 + 0).
2
What is the value of 4 + (3 + -3 - 1) + 0?
3
Calculate 4 - (9 + -3 + 2).
-4
(9 - 8) + -2 + 0 + -5
-6
What is the value of (3 - -5 - -1) + -7?
2
What is -3 + (5 - (3 + 1))?
-2
What is the value of (-6 - -6) + 5 + -7?
-2
Calculate (-8 - -4) + (4 - -5).
5
Calculate 9 + -14 + (21 - 0) - 8.
8
Evaluate -1 + (5 - (0 + 0)).
4
What is the value of 1 - (-3 + 7 + 0) - -3?
0
Evaluate (-15 - (-26 + 17)) + (-1 - -13).
6
Calculate 11 - (2 + 7 + -2).
4
Calculate 5 + -1 + 0 + -2.
2
What is -4 - (3 - 3 - 4)?
0
Calculate 5 + (1 - (3 - 1)).
4
What is the value of -2 + (0 - 0) + 7?
5
Evaluate 0 + -3 + 1 - (-32 - -25).
5
What is (5 - -4) + 1 + 1 + -6?
5
-3 - (-5 + (-4 - -11))
-5
What is the value of 0 - -11 - (67 + -47)?
-9
Calculate (1 - (3 - 1)) + 4 + -4.
-1
-8 - ((-1 - 2 - -1) + 0)
-6
What is the value of -1 + -6 + -1 - -15?
7
Evaluate 1 + (3 - 3) - 1.
0
What is 2 - (4 - (-2 - (6 + -8)))?
-2
3 - (1 - (4 + -4))
2
What is the value of 2 + -3 - -4 - 1?
2
What is the value of (-8 + 1 - 0) + 0 + 3?
-4
What is the value of 3 - (0 + (0 - 0) - -3)?
0
Evaluate (-1 - -1) + 40 + -46 - -13.
7
(-5 + 9 - (9 + -1)) + 1
-3
Calculate -13 + 20 - -3 - 6.
4
What is -4 - 0 - (1 - -3 - 5)?
-3
4 + -6 - (3 - 2 - 5)
2
What is (3 + -5 - -9) + -10?
-3
What is the value of -192 - -189 - (0 + 1 - -3)?
-7
(12 - 20) + 10 + 2
4
What is the value of 6 + (-2 - 2) + -8?
-6
What is the value of 1 + -3 + (2 - -2 - -3)?
5
Calculate (7 - -2) + -6 + -5 - -5.
3
What is the value of -3 - (-3 + -6 - -1)?
5
What is 0 - -13 - (98 + -90)?
5
What is the value of 6 - ((-4 - -3 - -4) + -1)?
4
What is -2 - (0 + 0 + 1)?
-3
Evaluate 23 - 32 - (-2 + (-3 - -1)).
-5
4 - ((6 - 6) + 2)
2
Calculate (1 - (3 - 0)) + 75 + -80.
-7
Evaluate (4 - (1 - -5)) + (1 - -1).
0
Calculate -12 + 8 + (-2 - 4) - -5.
-5
What is 2 + (-2 - 0) + 4 - 7?
-3
Evaluate (4 - 2 - 1) + -2 - -3.
2
What is the value of -6 + 7 + (4 - 4)?
1
Evaluate -3 - 3 - (0 + -1 - 10).
5
Evaluate (-10 - (-10 - -6)) + 7.
1
Evaluate 1 + (7 - 4) + -4.
0
What is the value of 7 + -20 - -7 - -3?
-3
What is -9 + 6 + -3 + 2?
-4
What is 0 + (-1 - -1 - -3)?
3
What is the value of -1 + -3 + 1 + -1?
-4
Evaluate 9 + -2 + (-16 - -10).
1
Calculate 5 + -2 - (-4 - (5 + -15)).
-3
13 + -4 - (10 - 8) - 4
3
What is the value of (8 - (-8 + 9)) + -2?
5
What is (3 - 6 - (9 - 7)) + 10?
5
Calculate (3 - 4) + (-6 - -11) + 0.
4
Calculate 9 - (1 + -5 + 1 + 7).
5
Evaluate 2 + -2 + 1 - (-11 - -8).
4
Calculate 3 - (6 + 0 + -2).
-1
What is the value of 3 - (0 - 0) - 1 - 3?
-1
Evaluate 6 - 5 - (1 + -2 + 7).
-5
What is the value of 10 + (11 - (17 - 4))?
8
-5 + -8 + 17 + 0
4
Evaluate -6 - 1 - ((-7 - -12) + -12).
0
(-81 - -83) + -5 + 2
-1
What is 1 + 4 - (2 + -4 + 2)?
5
-2 - (0 - 0 - (4 + -1))
1
What is the value of (-5 + -1 - (-50 + 54)) + 1?
-9
What is 1 + 2 + -1 + -4?
-2
3 - -13 - (-2 - -8)
10
Calculate 1 + (4 - 1) - (-4 + 7).
1
6 - (12 + 1 + -5 + 1)
-3
Calculate (-8 - -3 - 0) + (0 - -9).
4
What is the value of -3 + -2 + (5 - 16 - -17)?
1
Calculate -9 - (-3 - (1 + 4 + -5)).
-6
What is -9 - -3 - (-4 - -3)?
-5
6 - ((-4 - -1) + 8 - 3)
4
What is the value of -9 + 4 + -3 + 0 + 5?
-3
What is the value of (0 + (3 - 5) - -10) + -3?
5
What is (-2 - -2) + (3 - (-2 - 0))?
5
Evaluate 2 + 2 + -3 + 0 + -2.
-1
What is the value of 12 + (-1 - (8 - -7))?
-4
6 + -1 + -6 + -1
-2
(6 - (6 - -6)) + 11
5
What is the value of 3 + -5 - (-11 + 4)?
5
What is (17 - 6) + 1 - (2 - -1)?
9
Evaluate (1 + -2 - (8 + -6)) + 7.
4
Calculate 0 + (2 - (2 + 0 - 1)).
1
Calculate -64 - -55 - (1 + -17).
7
Calculate 0 + -5 + (-1 - 6) + 10.
-2
-1 + (5 - 2) - (-200 - -193)
9
What is the value of -10 + -2 + (6 - 4) - -2?
-8
What is the value of -1 - ((8 - 10) + -1)?
2
Calculate (0 - -2) + -6 - -4.
0
Evaluate 3 - (-3 - (-8 + -2 + 5)).
1
-1 + 7 - (85 - 85)
6
Calculate (3 - (-1 + -3 - 1)) + -5.
3
-5 + (-2 - (-1 - 2))
-4
What is the value of 3 - (-7 + 11) - -4?
3
Calculate (-7 - -3) + (2 - -2).
0
-8 + 10 + -7 - -8
3
1 - (0 + -3 - -7)
-3
Calculate 1 - -2 - ((-7 - 6) + 16).
0
2 + 4 + 1 + -4
3
What is the value of -13 + (18 - 3) - (3 - -1)?
-2
What is the value of -1 + 2 - (3 - -1)?
-3
What is (-8 - 0 - -7) + -1 + 2?
0
-3 + (-6 - -14 - 2) - 1
2
Calculate (3 - 12) + 2 - (6 - 17).
4
What is -2 - ((-2 - 2) + 5)?
-3
What is -3 + (-4 - (5 + -16))?
4
5 + (-7 - 7 - -14)
5
What is 1 - (1 - (3 - 5))?
-2
Evaluate -1 + 1 - (1 - 4).
3
What is -2 + (9 - 2 - (3 + -3))?
5
What is the value of -3 + 1 + (20 - 16)?
2
Calculate -13 + -1 + 0 + 7 + 4.
-3
Calculate -25 + 23 - (0 + -9).
7
-1 + 0 - (30 - 27)
-4
What is the value of (-7 - -16) + -19 + 13?
3
Calculate -4 + 7 + -7 + -4.
-8
What is -12 - -8 - 5 - -9?
0
What is the value of -10 + (10 - 5) - -10?
5
0 - (4 - (2 - 1 - 2))
-5
What is -3 + (1 - 7 - -12) + -8?
-5
Calculate 5 + -7 + -1 + 6 + 1.
4
What is the value of (-17 - -4) + 18 + -3?
2
Calculate -2 - -4 - ((0 - -1) + -6).
7
Calculate -1 + -1 + 2 + -3.
-3
What is the value of 2 - (-2 + 4 - (-3 + 1))?
-2
What is the value of (-1 - 0) + -4 + (21 - 10)?
6
Evaluate -8 + -17 + 10 + 14.
-1
Calculate 2 - (-8 + (-7 - -11)).
6
1 + -9 - (-1 - (5 + -2))
-4
Calculate 4 + -1 - (2 + 0).
1
1 + (-3 - 3) + -6 - -6
-5
(-11 - -6) + (4 - -8 - 4)
3
What is -1 - ((9 - 3) + (-3 - 3))?
-1
What is the value of -5 + (0 + -4 + 4 - -4)?
-1
What is the value of 6 - (16 + (7 + -12 - 3))?
-2
-4 - (-10 - (2 - (6 - 2)))
4
What is 1 + -2 - (2 + (6 - 7))?
-2
Evaluate 12 - (2 + -5 + 7 + 2).
6
What is -5 - (5 + -5 - 2)?
-3
Evaluate (11 - (3 + 1)) + -2.
5
What is the value of (3 - (-1 + -2 + 4)) + -1?
1
0 - (1 + 11 + -7)
-5
Evaluate 4 + (2 - 9) + (-2 - -9).
4
2 + -12 - (-12 + (15 - 6))
-7
What is the value of -2 + -1 + (-2 - 0 - 0)?
-5
What is the value of 10 - (-10 + 10) - 9?
1
-9 - (-11 + 0) - (-1 - 0)
3
What is 9 + (-17 - -11) + (-8 - -2)?
-3
Evaluate -5 + 3 + 2 + 0.
0
Evaluate (3 - 1) + 1 + (-4 - 0).
-1
What is the value of -6 + (3 - -10) + -8?
-1
Calculate -7 + (-1 - (1 + 0)) + 5.
-4
What is the value of 2 - ((2 - 4) + 5)?
-1
What is the value of 0 - -1 - (-7 + 3)?
5
Evaluate (3 - 6 - (10 - 5)) + 6.
-2
What is the value of -18 + (-4 - -13) + -1?
-10
Evaluate 11 + (-7 - (-7 + 10)).
1
Evaluate 1 - (3 + 1 + 0).
-3
Calculate -5 + (-3 - -10) - 1.
1
8 + -4 - (2 + 0 + 0)
2
Evaluate 5 + -2 - (6 - -1 - -1).
-5
What is the value of (-1 - 10 - -8) + 4 + -3?
-2
Calculate 3 + -4 + 1 + 1.
1
Evaluate (-1 - -2 - 2) + -4.
-5
What is the value of -2 + 1 + -2 + (1 - -1)?
-1
Evaluate -1 + (1 + -2 - 0).
-2
Calculate -7 + (0 - -7) + 7 - 6.
1
What is -1 + -1 - (2 + -9)?
5
Calculate 2 + (4 + -4 + -6 - -10).
6
8 + (17 - 23) + -11 + 1
-8
-3 + 1 - -5 - 1
2
Calculate -15 - (-3 - 7) - (-10 - -1).
4
Calculate -1 + -2 + -8 + 4.
-7
39 + -33 - (-1 - -7)
0
Evaluat